{"id":480,"date":"2022-07-05T15:29:50","date_gmt":"2022-07-05T15:29:50","guid":{"rendered":"https:\/\/www.echoeducation.eu\/il-progetto\/"},"modified":"2023-07-03T08:09:01","modified_gmt":"2023-07-03T08:09:01","slug":"il-progetto","status":"publish","type":"page","link":"https:\/\/www.echoeducation.eu\/it\/il-progetto\/","title":{"rendered":"Il progetto"},"content":{"rendered":"\n  <div id=\"page-header-1740502398\" class=\"page-header-wrapper\">\n  <div class=\"page-title dark featured-title\">\n\n        <div class=\"page-title-bg\">\n      <div class=\"title-bg fill bg-fill\"\n        data-parallax-container=\".page-title\"\n        data-parallax-background\n        data-parallax=\"-\">\n      <\/div>\n      <div class=\"title-overlay fill\"><\/div>\n    <\/div>\n    \n    <div class=\"page-title-inner container align-center text-center flex-row-col medium-flex-wrap\" >\n              <div class=\"title-wrapper flex-col\">\n          <h1 class=\"entry-title mb-0\">\n            Il progetto          <\/h1>\n        <\/div>\n                    <div class=\"title-content flex-col\">\n        <div class=\"title-breadcrumbs pb-half pt-half\"><\/div>      <\/div>\n    <\/div>\n\n     \n<style>\n#page-header-1740502398 .page-title-inner {\n  min-height: 178px;\n}\n#page-header-1740502398 .title-bg {\n  background-image: url(https:\/\/www.echoeducation.eu\/wp-content\/uploads\/2022\/07\/Schermata-2022-07-06-alle-11.11.06.png);\n}\n#page-header-1740502398 .featured-title {\n  background-color: rgb(0,0,0);\n}\n<\/style>\n  <\/div>\n    <\/div>\n  \n\n\t<section class=\"section dark\" id=\"section_469076888\">\n\t\t<div class=\"bg section-bg fill bg-fill  bg-loaded\" >\n\n\t\t\t\n\t\t\t\n\t\t\t\n\n\t\t<\/div>\n\n\t\t\n\n\t\t<div class=\"section-content relative\">\n\t\t\t\n\n\t<div id=\"gap-1738810665\" class=\"gap-element clearfix\" style=\"display:block; height:auto;\">\n\t\t\n<style>\n#gap-1738810665 {\n  padding-top: 30px;\n}\n<\/style>\n\t<\/div>\n\t\n\n<div class=\"row align-center\"  id=\"row-60019053\">\n\n\n\t<div id=\"col-1169641537\" class=\"col small-12 large-12\"  >\n\t\t\t\t<div class=\"col-inner\"  >\n\t\t\t\n\t\t\t\n\n<h3><strong>Educare alla sostenibilit\u00e0 ambientale: centri creativi di apprendimento e linguaggi digitali<\/strong><\/h3>\n\n\t\t<\/div>\n\t\t\t\t\t<\/div>\n\n\t\n\n<\/div>\n<div class=\"row align-center\"  id=\"row-741574855\">\n\n\n\t<div id=\"col-693697289\" class=\"col medium-6 small-12 large-6\"  >\n\t\t\t\t<div class=\"col-inner\"  >\n\t\t\t\n\t\t\t\n\n<p>ECHO, acronimo di <strong>&#8220;Educare alla sostenibilit\u00e0 ambientale: centri creativi di apprendimento e linguaggi digitali&#8221; <\/strong>\u00e8 un progetto Erasmus+ Key Action 2 nel settore dell\u2019educazione degli adulti, modellato sui bisogni specifici della comunit\u00e0 apprendente adulta europea nel campo dello Sviluppo Sostenibile, della Sostenibilit\u00e0 e della Tutela Ambientale. Il nucleo tematico di ECHO \u00e8 quindi composto da parole chiave come: ambiente, sostenibilit\u00e0, promozione di prospettive e attitudini ecologiche e cio\u00e8 da sfide europee e globali che richiedono un pensiero complesso e approcci progettuali stratificati. ECHO \u00e8 implementato da un partenariato internazionale che coinvolge organizzazioni di ampia esperienza, che si sono unite per ideare un percorso strategico in grado di ripensare gli spazi educativi, creandone concretamente di nuovi, orientati al futuro.  <\/p>\n\n\t\t<\/div>\n\t\t\t\t\t<\/div>\n\n\t\n\n\t<div id=\"col-1144713670\" class=\"col medium-6 small-12 large-6\"  >\n\t\t\t\t<div class=\"col-inner\"  >\n\t\t\t\n\t\t\t\n\n<p>L\u2019educazione degli adulti \u00e8 quindi unita ai linguaggi primari della creativit\u00e0, dell\u2019offerta culturale, dell\u2019innovazione digitale. Il punto di partenza di ECHO \u00e8 il riconoscimento delle lacune presenti nei diversi sistemi educativi e formativi europei in materia di Sostenibilit\u00e0 e Tutela Ambientale, nonch\u00e9 nel campo dello Sviluppo Sostenibile. Il progetto desidera quindi promuovere la crescita di consapevolezza sistemica e il valore della Sostenibilit\u00e0 Ambientale come azione educativa, facendo leva sulla relazione tra antropico ed ecosistema e delineando quindi, in modo semplice e attraente, nuove abitudini e comportamenti concreti e radicati nell\u2019individuo, supportati da un adeguato pensiero critico e da un modello di cittadinanza attiva e responsabile.  <\/p>\n\n\t\t<\/div>\n\t\t\t\t\t<\/div>\n\n\t\n\n<\/div>\n<div class=\"row align-center\"  id=\"row-1787058674\">\n\n\n\t<div id=\"col-1567465855\" class=\"col small-12 large-12\"  >\n\t\t\t\t<div class=\"col-inner\"  >\n\t\t\t\n\t\t\t\n\n<p>I prodotti di ECHO sono un\u2019architettura \u2013 materiale e digitale \u2013 ad alto impatto educativo, orientata a responsabilizzare e ad accrescere le competenze di un vasto e stratificato pubblico apprendente adulto nel campo della Sostenibilit\u00e0 Ambientale. Il progetto si compone di unit\u00e0 miste, ponendo al centro le esigenze contemporanee di natura culturale ed educativa. <\/p>\n\n\t\t<\/div>\n\t\t\t\t\t<\/div>\n\n\t\n\n<\/div>\n\n\t\t<\/div>\n\n\t\t\n<style>\n#section_469076888 {\n  padding-top: 30px;\n  padding-bottom: 30px;\n  background-color: rgb(30, 30, 30);\n}\n#section_469076888 .ux-shape-divider--top svg {\n  height: 150px;\n  --divider-top-width: 100%;\n}\n#section_469076888 .ux-shape-divider--bottom svg {\n  height: 150px;\n  --divider-width: 100%;\n}\n<\/style>\n\t<\/section>\n\t\n\t<section class=\"section dark\" id=\"section_1400026454\">\n\t\t<div class=\"bg section-bg fill bg-fill  \" >\n\n\t\t\t\n\t\t\t<div class=\"section-bg-overlay absolute fill\"><\/div>\n\t\t\t\n\n\t\t<\/div>\n\n\t\t\n\n\t\t<div class=\"section-content relative\">\n\t\t\t\n\n\t<div id=\"gap-796545389\" class=\"gap-element clearfix\" style=\"display:block; height:auto;\">\n\t\t\n<style>\n#gap-796545389 {\n  padding-top: 30px;\n}\n<\/style>\n\t<\/div>\n\t\n\n<div class=\"row\"  id=\"row-1610845514\">\n\n\n\t<div id=\"col-14381123\" class=\"col small-12 large-12\"  >\n\t\t\t\t<div class=\"col-inner text-center\"  >\n\t\t\t\n\t\t\t\n\n\t<div id=\"text-64362944\" class=\"text\">\n\t\t\n\n<h6>Obiettivi e implementazione<\/h6>\n\t\t\n<style>\n#text-64362944 {\n  font-size: 1.6rem;\n}\n<\/style>\n\t<\/div>\n\t\n\t<div id=\"text-219402684\" class=\"text\">\n\t\t\n\n<p>Durante i tre anni di ciclo di vita di progetto, verranno implementati:<\/p>\n\t\t\n<style>\n#text-219402684 {\n  font-size: 1.1rem;\n}\n<\/style>\n\t<\/div>\n\t\n\n\t\t<\/div>\n\t\t\t\t\t<\/div>\n\n\t\n\n<\/div>\n<div class=\"row row-large\"  id=\"row-1668650684\">\n\n\n\t<div id=\"col-1268336452\" class=\"col medium-4 small-12 large-4\"  >\n\t\t\t\t<div class=\"col-inner text-center\"  >\n\t\t\t\n\t\t\t\n\n<p style=\"text-align: left;\">Un\u2019exhibit educativa, innovativa a Palermo (Italia), orientata al futuro, che sappia stimolare la consapevolezza in materia di Educazione alla Sostenibilit\u00e0 Ambientale attraverso installazioni creative, digitali e immersive.<\/p>\n\n\t\t<\/div>\n\t\t\t\t\t<\/div>\n\n\t\n\n\t<div id=\"col-144991270\" class=\"col medium-4 small-12 large-4\"  >\n\t\t\t\t<div class=\"col-inner text-center\"  >\n\t\t\t\n\t\t\t\n\n<p style=\"text-align: left;\">Un luogo digitale e virtuale che si offre come risorsa interattiva e culturalmente attraente per i target: una piattaforma di apprendimento immersivo che archivia buone pratiche europee in materia di Sostenibilit\u00e0 Ambientale, attingendo da pratiche e attitudini virtuose promosse da organizzazioni e cittadini europei.<\/p>\n\n\t\t<\/div>\n\t\t\t\t\t<\/div>\n\n\t\n\n\t<div id=\"col-782853397\" class=\"col medium-4 small-12 large-4\"  >\n\t\t\t\t<div class=\"col-inner text-center\"  >\n\t\t\t\n\t\t\t\n\n<p style=\"text-align: left;\">Risorse e attivit\u00e0 mirate all\u2019acquisizione di consapevolezza in materia di Educazione Ambientale disegnate specificamente per educatori e animatori socioculturali a contatto con un pubblico di giovani adulti: kit aggiornati che potenziano le professionalit\u00e0 dell\u2019educazione affinch\u00e9 promuovano e comunichino i temi e le strategie dell\u2019Educazione Ambientale su vari livelli.<\/p>\n\n\t\t<\/div>\n\t\t\t\t\t<\/div>\n\n\t\n\n<\/div>\n<div class=\"row\"  id=\"row-1342193886\">\n\n\n\t<div id=\"col-500464775\" class=\"col small-12 large-12\"  >\n\t\t\t\t<div class=\"col-inner text-center\"  >\n\t\t\t\n\t\t\t\n\n\t<div id=\"text-4233151432\" class=\"text\">\n\t\t\n\n<p style=\"text-align: left;\">Ampia attenzione verr\u00e0 dedicata alle migliori forme di attivismo ambientale in Europa: un corpus educativo e motivazionale a disposizione degli educatori e animatori socioculturali per il loro curriculum, facilitando future implementazioni e disseminazioni.<\/p>\n\t\t\n<style>\n#text-4233151432 {\n  font-size: 1.1rem;\n}\n<\/style>\n\t<\/div>\n\t\n\n\t\t<\/div>\n\t\t\t\t\t<\/div>\n\n\t\n\n<\/div>\n\n\t\t<\/div>\n\n\t\t\n<style>\n#section_1400026454 {\n  padding-top: 45px;\n  padding-bottom: 45px;\n}\n#section_1400026454 .section-bg-overlay {\n  background-color: rgba(0, 0, 0, 0.7);\n}\n#section_1400026454 .section-bg.bg-loaded {\n  background-image: url(https:\/\/www.echoeducation.eu\/wp-content\/uploads\/2022\/07\/shutterstock_364049327.jpeg);\n}\n#section_1400026454 .section-bg {\n  background-position: 50% 44%;\n}\n#section_1400026454 .ux-shape-divider--top svg {\n  height: 150px;\n  --divider-top-width: 100%;\n}\n#section_1400026454 .ux-shape-divider--bottom svg {\n  height: 150px;\n  --divider-width: 100%;\n}\n@media (min-width:550px) {\n  #section_1400026454 {\n    padding-top: 65px;\n    padding-bottom: 65px;\n  }\n}\n@media (min-width:850px) {\n  #section_1400026454 {\n    padding-top: 90px;\n    padding-bottom: 90px;\n  }\n}\n<\/style>\n\t<\/section>\n\t\n\n","protected":false},"excerpt":{"rendered":"","protected":false},"author":1,"featured_media":168,"parent":0,"menu_order":0,"comment_status":"closed","ping_status":"closed","template":"page-transparent-header.php","meta":[],"_links":{"self":[{"href":"https:\/\/www.echoeducation.eu\/it\/wp-json\/wp\/v2\/pages\/480"}],"collection":[{"href":"https:\/\/www.echoeducation.eu\/it\/wp-json\/wp\/v2\/pages"}],"about":[{"href":"https:\/\/www.echoeducation.eu\/it\/wp-json\/wp\/v2\/types\/page"}],"author":[{"embeddable":true,"href":"https:\/\/www.echoeducation.eu\/it\/wp-json\/wp\/v2\/users\/1"}],"replies":[{"embeddable":true,"href":"https:\/\/www.echoeducation.eu\/it\/wp-json\/wp\/v2\/comments?post=480"}],"version-history":[{"count":1,"href":"https:\/\/www.echoeducation.eu\/it\/wp-json\/wp\/v2\/pages\/480\/revisions"}],"predecessor-version":[{"id":481,"href":"https:\/\/www.echoeducation.eu\/it\/wp-json\/wp\/v2\/pages\/480\/revisions\/481"}],"wp:featuredmedia":[{"embeddable":true,"href":"https:\/\/www.echoeducation.eu\/it\/wp-json\/wp\/v2\/media\/168"}],"wp:attachment":[{"href":"https:\/\/www.echoeducation.eu\/it\/wp-json\/wp\/v2\/media?parent=480"}],"curies":[{"name":"wp","href":"https:\/\/api.w.org\/{rel}","templated":true}]}}

<div id="page-header-1740502398" class="page-header-wrapper">
  <div class="page-title dark featured-title">

        <div class="page-title-bg">
      <div class="title-bg fill bg-fill"
        data-parallax-container=".page-title"
        data-parallax-background
        data-parallax="-">
      </div>
      <div class="title-overlay fill"></div>
    </div>
    
    <div class="page-title-inner container align-center text-center flex-row-col medium-flex-wrap" >
              <div class="title-wrapper flex-col">
          <h1 class="entry-title mb-0">
            Il progetto          </h1>
        </div>
                    <div class="title-content flex-col">
        <div class="title-breadcrumbs pb-half pt-half"></div>      </div>
    </div>

     
<style>
#page-header-1740502398 .page-title-inner {
  min-height: 178px;
}
#page-header-1740502398 .title-bg {
  background-image: url(https://www.echoeducation.eu/wp-content/uploads/2022/07/Schermata-2022-07-06-alle-11.11.06.png);
}
#page-header-1740502398 .featured-title {
  background-color: rgb(0,0,0);
}
</style>
  </div>
    </div>
  

	<section class="section dark" id="section_469076888">
		<div class="bg section-bg fill bg-fill  bg-loaded" >

			
			
			

		</div>

		

		<div class="section-content relative">
			

	<div id="gap-1738810665" class="gap-element clearfix" style="display:block; height:auto;">
		
<style>
#gap-1738810665 {
  padding-top: 30px;
}
</style>
	</div>
	

<div class="row align-center"  id="row-60019053">


	<div id="col-1169641537" class="col small-12 large-12"  >
				<div class="col-inner"  >
			
			

<h3><strong>Educare alla sostenibilità ambientale: centri creativi di apprendimento e linguaggi digitali</strong></h3>

		</div>
					</div>

	

</div>
<div class="row align-center"  id="row-741574855">


	<div id="col-693697289" class="col medium-6 small-12 large-6"  >
				<div class="col-inner"  >
			
			

<p>ECHO, acronimo di <strong>&#8220;Educare alla sostenibilità ambientale: centri creativi di apprendimento e linguaggi digitali&#8221; </strong>è un progetto Erasmus+ Key Action 2 nel settore dell’educazione degli adulti, modellato sui bisogni specifici della comunità apprendente adulta europea nel campo dello Sviluppo Sostenibile, della Sostenibilità e della Tutela Ambientale. Il nucleo tematico di ECHO è quindi composto da parole chiave come: ambiente, sostenibilità, promozione di prospettive e attitudini ecologiche e cioè da sfide europee e globali che richiedono un pensiero complesso e approcci progettuali stratificati. ECHO è implementato da un partenariato internazionale che coinvolge organizzazioni di ampia esperienza, che si sono unite per ideare un percorso strategico in grado di ripensare gli spazi educativi, creandone concretamente di nuovi, orientati al futuro.  </p>

		</div>
					</div>

	

	<div id="col-1144713670" class="col medium-6 small-12 large-6"  >
				<div class="col-inner"  >
			
			

<p>L’educazione degli adulti è quindi unita ai linguaggi primari della creatività, dell’offerta culturale, dell’innovazione digitale. Il punto di partenza di ECHO è il riconoscimento delle lacune presenti nei diversi sistemi educativi e formativi europei in materia di Sostenibilità e Tutela Ambientale, nonché nel campo dello Sviluppo Sostenibile. Il progetto desidera quindi promuovere la crescita di consapevolezza sistemica e il valore della Sostenibilità Ambientale come azione educativa, facendo leva sulla relazione tra antropico ed ecosistema e delineando quindi, in modo semplice e attraente, nuove abitudini e comportamenti concreti e radicati nell’individuo, supportati da un adeguato pensiero critico e da un modello di cittadinanza attiva e responsabile.  </p>

		</div>
					</div>

	

</div>
<div class="row align-center"  id="row-1787058674">


	<div id="col-1567465855" class="col small-12 large-12"  >
				<div class="col-inner"  >
			
			

<p>I prodotti di ECHO sono un’architettura – materiale e digitale – ad alto impatto educativo, orientata a responsabilizzare e ad accrescere le competenze di un vasto e stratificato pubblico apprendente adulto nel campo della Sostenibilità Ambientale. Il progetto si compone di unità miste, ponendo al centro le esigenze contemporanee di natura culturale ed educativa. </p>

		</div>
					</div>

	

</div>

		</div>

		
<style>
#section_469076888 {
  padding-top: 30px;
  padding-bottom: 30px;
  background-color: rgb(30, 30, 30);
}
#section_469076888 .ux-shape-divider--top svg {
  height: 150px;
  --divider-top-width: 100%;
}
#section_469076888 .ux-shape-divider--bottom svg {
  height: 150px;
  --divider-width: 100%;
}
</style>
	</section>
	
	<section class="section dark" id="section_1400026454">
		<div class="bg section-bg fill bg-fill  " >

			
			<div class="section-bg-overlay absolute fill"></div>
			

		</div>

		

		<div class="section-content relative">
			

	<div id="gap-796545389" class="gap-element clearfix" style="display:block; height:auto;">
		
<style>
#gap-796545389 {
  padding-top: 30px;
}
</style>
	</div>
	

<div class="row"  id="row-1610845514">


	<div id="col-14381123" class="col small-12 large-12"  >
				<div class="col-inner text-center"  >
			
			

	<div id="text-64362944" class="text">
		

<h6>Obiettivi e implementazione</h6>
		
<style>
#text-64362944 {
  font-size: 1.6rem;
}
</style>
	</div>
	
	<div id="text-219402684" class="text">
		

<p>Durante i tre anni di ciclo di vita di progetto, verranno implementati:</p>
		
<style>
#text-219402684 {
  font-size: 1.1rem;
}
</style>
	</div>
	

		</div>
					</div>

	

</div>
<div class="row row-large"  id="row-1668650684">


	<div id="col-1268336452" class="col medium-4 small-12 large-4"  >
				<div class="col-inner text-center"  >
			
			

<p style="text-align: left;">Un’exhibit educativa, innovativa a Palermo (Italia), orientata al futuro, che sappia stimolare la consapevolezza in materia di Educazione alla Sostenibilità Ambientale attraverso installazioni creative, digitali e immersive.</p>

		</div>
					</div>

	

	<div id="col-144991270" class="col medium-4 small-12 large-4"  >
				<div class="col-inner text-center"  >
			
			

<p style="text-align: left;">Un luogo digitale e virtuale che si offre come risorsa interattiva e culturalmente attraente per i target: una piattaforma di apprendimento immersivo che archivia buone pratiche europee in materia di Sostenibilità Ambientale, attingendo da pratiche e attitudini virtuose promosse da organizzazioni e cittadini europei.</p>

		</div>
					</div>

	

	<div id="col-782853397" class="col medium-4 small-12 large-4"  >
				<div class="col-inner text-center"  >
			
			

<p style="text-align: left;">Risorse e attività mirate all’acquisizione di consapevolezza in materia di Educazione Ambientale disegnate specificamente per educatori e animatori socioculturali a contatto con un pubblico di giovani adulti: kit aggiornati che potenziano le professionalità dell’educazione affinché promuovano e comunichino i temi e le strategie dell’Educazione Ambientale su vari livelli.</p>

		</div>
					</div>

	

</div>
<div class="row"  id="row-1342193886">


	<div id="col-500464775" class="col small-12 large-12"  >
				<div class="col-inner text-center"  >
			
			

	<div id="text-4233151432" class="text">
		

<p style="text-align: left;">Ampia attenzione verrà dedicata alle migliori forme di attivismo ambientale in Europa: un corpus educativo e motivazionale a disposizione degli educatori e animatori socioculturali per il loro curriculum, facilitando future implementazioni e disseminazioni.</p>
		
<style>
#text-4233151432 {
  font-size: 1.1rem;
}
</style>
	</div>
	

		</div>
					</div>

	

</div>

		</div>

		
<style>
#section_1400026454 {
  padding-top: 45px;
  padding-bottom: 45px;
}
#section_1400026454 .section-bg-overlay {
  background-color: rgba(0, 0, 0, 0.7);
}
#section_1400026454 .section-bg.bg-loaded {
  background-image: url(https://www.echoeducation.eu/wp-content/uploads/2022/07/shutterstock_364049327.jpeg);
}
#section_1400026454 .section-bg {
  background-position: 50% 44%;
}
#section_1400026454 .ux-shape-divider--top svg {
  height: 150px;
  --divider-top-width: 100%;
}
#section_1400026454 .ux-shape-divider--bottom svg {
  height: 150px;
  --divider-width: 100%;
}
@media (min-width:550px) {
  #section_1400026454 {
    padding-top: 65px;
    padding-bottom: 65px;
  }
}
@media (min-width:850px) {
  #section_1400026454 {
    padding-top: 90px;
    padding-bottom: 90px;
  }
}
</style>
	</section>
